) to base 14.
20d23
What is 12b32dd (base 15) in base 11?
7675549
12110122120 (base 3) to base 8
322165
What is -100001010101011100 (base 2) in base 16?
-2155c
What is -10160121 (base 7) in base 3?
-1121102121000
8264331 (base 9) to base 3
22022011101001
Convert 12011112220 (base 3) to base 11.
6a485
What is -20102220000 (base 3) in base 13?
-45912
What is -2661302 (base 7) in base 12?
-14b192
Convert 852463 (base 13) to base 6.
150500324
What is -110203120 (base 4) in base 11?
-58281
1612145 (base 7) to base 15
45a25
Convert -2d275 (base 14) to base 11.
-77997
-22630054 (base 8) to base 2
-10010110011000000101100
Convert -b69a3a (base 13) to base 9.
-8038064
Convert -158704 (base 10) to base 12.
-77a14
10000110111001000111100 (base 2) to base 4
100313020330
Convert 463706 (base 10) to base 5.
104314311
-1248784 (base 12) to base 10
-3581524
3124410 (base 8) to base 11
517407
What is 1001010010001110 (base 2) in base 10?
38030
475165 (base 11) to base 14
158882
What is 79c948 (base 16) in base 12?
280aa34
Convert 2022010012 (base 3) to base 9.
68105
10021132 (base 6) to base 5
33022200
180115 (base 9) to base 15
23122
1608d4 (base 14) to base 4
2330000122
What is 3149211 (base 11) in base 9?
11383362
Convert -6640332 (base 10) to base 9.
-13440736
12211220202011 (base 3) to base 8
13666657
-1033212 (base 7) to base 3
-20101211020
What is 1705261 (base 8) in base 7?
4125661
Convert 11000011001110101100001 (base 2) to base 10.
6397281
Convert 44ad7 (base 14) to base 5.
20314124
-3a27446 (base 12) to base 16
-af7bb6
Convert -1111442331 (base 5) to base 8.
-11266551
What is -12a03 (base 16) in base 4?
-102220003
What is 1001101111110101101 (base 2) in base 10?
319405
1a6334 (base 14) to base 6
32043334
What is 10211110021000 (base 3) in base 9?
3743230
Convert -4434672 (base 9) to base 8.
-11062326
What is 1a51a3 (base 11) in base 15?
6321a
-314522413 (base 6) to base 11
-3149990
Convert -556025 (base 7) to base 12.
-48945
What is -2857315 (base 9) in base 8?
-6001077
What is -1000202010101 (base 3) in base 11?
-343336
Convert 243a (base 12) to base 2.
111111101110
31013400 (base 5) to base 6
5214300
What is 2058573 (base 9) in base 16?
10d0a6
What is -6a11a (base 12) in base 9?
-235534
What is -8e172d (base 16) in base 6?
-531331153
Convert 1310411133 (base 5) to base 8.
14212042
60080 (base 11) to base 3
11110121211
What is -90c69 (base 14) in base 11?
-218666
22221122 (base 3) to base 8
14574
What is 18616751 (base 9) in base 4?
203313000103
Convert -312222 (base 7) to base 15.
-10d4c
-210222230 (base 5) to base 2
-11010011101101110110
12146662 (base 8) to base 15
37c4d3
What is -634320 (base 10) in base 5?
-130244240
What is -128d350 (base 16) in base 10?
-19452752
Convert 62a26b (base 16) to base 5.
3123322412
What is -1821532 (base 10) in base 8?
-6745534
Convert -104310420 (base 5) to base 16.
-71183
What is 110022001202 (base 3) in base 16?
3b19b
Convert -2021202000200 (base 3) to base 2.
-100101000101100011101
-387b8bb (base 12) to base 7
-163316342
-560962 (base 10) to base 9
-1044441
c8965 (base 13) to base 12
155534
What is -123315313 (base 6) in base 2?
-1001001011001110011101
-301305 (base 8) to base 3
-12000211011
Convert -22554330 (base 7) to base 4.
-13203120330
What is -1137649 (base 10) in base 7?
-12445522
What is -7e623 (base 15) in base 14?
-a6c24
What is 320323104 (base 5) in base 15?
1b6bbe
Convert 445361 (base 10) to base 2.
1101100101110110001
Convert 312004040 (base 5) to base 14.
255190
What is -3c159e (base 16) in base 4?
-33001112132
764998 (base 13) to base 8
12467263
8478338 (base 9) to base 11
2620876
Convert -8acaa (base 14) to base 4.
-1102111312
-5287a1b (base 12) to base 8
-73422367
What is -15aa46 (base 11) in base 9?
-418283
Convert -1a391d (base 14) to base 4.
-3203202213
What is -33043 (base 14) in base 8?
-361223
What is -27574343 (base 8) in base 12?
-2101aab
-10200022111 (base 3) to base 5
-4304100
What is 24b1998 (base 12) in base 10?
7198532
Convert 2201102233 (base 4) to base 13.
1a1928
Convert 1273243 (base 9) to base 14.
14246a
What is 121783a (base 11) in base 2?
1000000101001111101000
Convert 1c2836a (base 13) to base 14.
13582d4
-1020202021112 (base 3) to base 4
-2202030002
Convert -21c052 (base 13) to base 6.
-25032254
473698 (base 12) to base 14
21bc32
What is 20110106 (base 8) in base 7?
50651654
-98513 (base 11) to base 7
-1134005
What is -10213a4 (base 12) in base 2?
-1011100011101011101100
Convert -631574 (base 8) to base 13.
-74647
Convert -12041346 (base 8) to base 12.
-a72b46
Convert 128620 (base 12) to base 14.
7d22c
-30871 (base 16) to base 15
-3dd64
-3848506 (base 10) to base 3
-21020112011021
110110010000001000000 (base 2) to base 7
21052611
Convert 8b45 (base 13) to base 7.
110554
Convert 406533 (base 12) to base 3.
1220010121010
-1b0290 (base 12) to base 11
-2a6691
3163432 (base 9) to base 6
100200302
What is 1ab3a4 (base 15) in base 3?
2110020011201
What is 11122212002020 (base 3) in base 6?
125032310
Convert 9a86a (base 12) to base 8.
620522
Convert -2353324 (base 7) to base 14.
-7ad14
Convert -7c603e (base 16) to base 14.
-1122738
What is 13240000 (base 5) in base 11?
91541
What is -53106 (base 12) in base 10?
-109014
11433441 (base 5) to base 9
175000
-452645 (base 9) to base 4
-1002022022
2760226 (base 9) to base 10
1515777
Convert 101000001110011100100110 (base 2) to base 6.
1014003050
2211333 (base 4) to base 13
4ab2
Convert 110110111001110011 (base 2) to base 10.
224883
Convert -1791973 (base 10) to base 14.
-3490a1
1101444414 (base 5) to base 4
21003311020
What is -1010111111101101101 (base 2) in base 5?
-43012201
What is 1001101100011000 (base 2) in base 13?
150c2
4b290 (base 13) to base 9
231435
What is 111011011011000100 (base 2) in base 7?
2032416
Convert -1010011111010010110100 (base 2) to base 16.
-29f4b4
Convert -604733 (base 8) to base 3.
-101010011020
What is 764385 (base 9) in base 15?
90165
-208bb4 (base 12) to base 10
-513208
What is -72766 (base 10) in base 8?
-216076
Convert -161ac43 (base 15) to base 2.
-111101001010100011011101
173619 (base 15) to base 11
6a9464
11551 (base 9) to base 13
36a6
What is 1110010101001000010011 (base 2) in base 11?
21363a8
1380d (base 15) to base 6
1201351
Convert -286b (base 14) to base 11.
-5411
35576 (base 15) to base 10
169986
a42fa2 (base 16) to base 8
51027642
Convert -7f8ceb (base 16) to base 11.
-479a395
What is -150be8 (base 15) in base 6?
-33431545
2969979 (base 10) to base 14
5744d5
Convert -117208 (base 11) to base 6.
-3545403
Convert 5044174 (base 8) to base 12.
541310
Convert -2b8660 (base 13) to base 5.
-233403200
505411531 (base 6) to base 4
201003101233
What is -2a5a33 (base 12) in base 6?
-23154503
Convert d7aa4 (base 15) to base 10.
684154
-11797 (base 13) to base 16
-7d41
What is -56741 (base 11) in base 12?
-3b603
What is -20650154 (base 8) in base 7?
-52332342
6200181 (base 9) to base 13
8ba25a
What is 21456221 (base 7) in base 12?
75044b
What is -4652352 (base 8) in base 14?
-24d9c6
Convert 4e83d8 (base 16) to base 6.
302142012
What is -2100332131 (base 4) in base 15?
-bae31
87816 (base 16) to base 13
165828
-9926b (base 14) to base 2
-1011010100011101111
1050121 (base 7) to base 15
2867d
Convert 1142034 (base 5) to base 2.
101010000001111
24567 (base 11) to base 14
cc04
-2b97d (base 15) to base 3
-21010202101
Convert 2e3464 (base 15) to base 14.
423b75
Convert -376704 (base 9) to base 11.
-146350
Convert 3922 (base 11) to base 16.
13f2
-3233323 (base 4) to base 16
-3bfb
Convert 5b21d (base 15) to base 4.
1012332220
Convert -75ab1d (base 16) to base 2.
-11101011010101100011101
3110011402 (base 5) to base 13
1407975
Convert 1200 (base 6) to base 8.
440
-10002112212 (base 3) to base 11
-41841
What is -1a677b (base 12) in base 5?
-104431123
15569 (base 10) to base 15
492e
10710152 (base 8) to base 3
11101102011100
Convert 121103211 (base 4) to base 6.
2115513
Convert 1220923 (base 10) to base 16.
12a13b
What is -d939 (base 14) in base 12?
-1983b
What is 22010111102101 (base 3) in base 2?
10000011110110001101001
What is -10121212101 (base 3) in base 7?
-415000
-13b1c (base 14) to base 12
-24312
Convert -32435522 (base 6) to base 12.
-3a8ba2
What is 1010001101011000100010 (base 2) in base 13?
7291b0
Conver